670859 composite?
False
Is 7780438 composite?
True
Is 64462961 a composite number?
False
Is 185427499 a prime number?
True
Is 36297791 prime?
False
Is 276107831 a composite number?
False
Is 6067001 composite?
True
Is 1750577 a prime number?
False
Is 66077821 a composite number?
True
Is 30733279 a composite number?
True
Is 22103447 a prime number?
True
Is 190082829 composite?
True
Is 6180442 composite?
True
Is 16605761 a prime number?
True
Is 2342647 a composite number?
True
Is 1096901 composite?
True
Is 11354987 composite?
True
Is 51892219 prime?
True
Is 72337 a prime number?
True
Is 19174579 composite?
False
Is 13378349 prime?
False
Is 7296827 a composite number?
False
Is 111651191 a prime number?
True
Is 231077497 a composite number?
True
Is 2643871 composite?
False
Is 5021771 a prime number?
True
Is 7419337 a composite number?
False
Is 1741993 prime?
False
Is 9238639 a composite number?
True
Is 275027287 a composite number?
False
Is 20792459 a prime number?
True
Is 144882083 prime?
False
Is 9274715 a composite number?
True
Is 38709169 a composite number?
False
Is 513559 a composite number?
True
Is 1871743 a prime number?
True
Is 43546073 composite?
False
Is 6603617 a prime number?
True
Is 12892331 composite?
False
Is 44859739 a prime number?
True
Is 743539 a prime number?
False
Is 189797 a prime number?
True
Is 2923591 composite?
True
Is 7439371 prime?
True
Is 12517193 prime?
False
Is 747714427 a prime number?
True
Is 1895293 a composite number?
True
Is 2026529 prime?
False
Is 13238321 prime?
False
Is 19053361 composite?
True
Is 74547323 a composite number?
True
Is 774143 prime?
True
Is 8315999 prime?
True
Is 44314507 a prime number?
True
Is 16295199 a composite number?
True
Is 197953697 a composite number?
True
Is 36463859 composite?
True
Is 41166617 prime?
False
Is 297972149 a composite number?
False
Is 7161421 a prime number?
True
Is 167153551 a composite number?
False
Is 152028719 a composite number?
False
Is 133341181 composite?
True
Is 2378879 composite?
True
Is 16164143 a composite number?
False
Is 98971658 a prime number?
False
Is 19021459 prime?
True
Is 809551 prime?
False
Is 7790953 a prime number?
True
Is 23015339 a composite number?
False
Is 40344319 composite?
True
Is 95940723 a prime number?
False
Is 3104477 composite?
False
Is 14059657 a composite number?
False
Is 14914217 a prime number?
False
Is 2644651 a prime number?
False
Is 5088569 composite?
False
Is 199692743 a composite number?
True
Is 380983 a composite number?
False
Is 528607 composite?
True
Is 936607 prime?
False
Is 1455891641 prime?
True
Is 5364797 composite?
True
Is 482237 prime?
False
Is 11294683 composite?
True
Is 176668433 a composite number?
True
Is 42840181 a prime number?
False
Is 979291 a composite number?
False
Is 2566163 prime?
True
Is 2684267 a prime number?
False
Is 12409091 a composite number?
False
Is 150958 prime?
False
Is 12127891 a prime number?
False
Is 24547991 a prime number?
False
Is 1241159 prime?
True
Is 3326471 composite?
False
Is 371114951 a prime number?
True
Is 82024871 a prime number?
True
Is 171145237 a prime number?
True
Is 70181143 a prime number?
True
Is 9780311 prime?
False
Is 358556207 prime?
True
Is 3803413 a composite number?
True
Is 1989217 composite?
False
Is 5405579 a composite number?
False
Is 30320681 prime?
True
Is 19987523 a composite number?
False
Is 7275947 a composite number?
True
Is 3629257 composite?
False
Is 7801 a prime number?
False
Is 460253 a composite number?
True
Is 63830003 a prime number?
True
Is 8378491 a prime number?
False
Is 703349 a prime number?
True
Is 24217069 prime?
False
Is 1004629 a prime number?
False
Is 1088207 composite?
True
Is 222541 a composite number?
True
Is 7438147 a prime number?
False
Is 9313427 composite?
False
Is 300633077 composite?
False
Is 81731047 composite?
False
Is 31917227 a prime number?
True
Is 78530911 composite?
False
Is 16950197 prime?
False
Is 5926429 a prime number?
True
Is 14492587 a composite number?
False
Is 70682791 a composite number?
False
Is 10924019 composite?
True
Is 14329519 a composite number?
True
Is 2256011 a prime number?
False
Is 57731051 a prime number?
False
Is 9851663 prime?
False
Is 62368981 prime?
True
Is 36431429 a composite number?
False
Is 18819739 a composite number?
True
Is 550479223 composite?
True
Is 1077431 a composite number?
True
Is 1486003 a composite number?
False
Is 19272083 a composite number?
False
Is 6028157 prime?
True
Is 4676587 prime?
True
Is 12329483 composite?
True
Is 30502069 a prime number?
False
Is 3185071 composite?
True
Is 42094909 composite?
False
Is 73527 prime?
False
Is 31417593 prime?
False
Is 24185971 a composite number?
True
Is 2872589 composite?
True
Is 6395047 prime?
True
Is 195499 a composite number?
True
Is 111233327 a composite number?
True
Is 13256137 prime?
True
Is 73277 prime?
True
Is 11325679 composite?
True
Is 13058203 a composite number?
False
Is 1476149 a composite number?
False
Is 1553369 a prime number?
True
Is 7864289 a composite number?
True
Is 1474867 a prime number?
False
Is 2289571 a composite number?
False
Is 227670109 a composite number?
True
Is 3018019 a composite number?
False
Is 2801919 a prime number?
False
Is 1718443 a prime number?
False
Is 130513 a prime number?
True
Is 327555563 prime?
False
Is 283135897 a composite number?
True
Is 4279489 a composite number?
True
Is 22656181 a composite number?
False
Is 39105067 a prime number?
True
Is 3354349 composite?
False
Is 276754807 prime?
False
Is 1870499 composite?
False
Is 529969 a prime number?
False
Is 13169129 prime?
True
Is 25428917 a prime number?
True
Is 113376293 a prime number?
False
Is 9596599 a prime number?
False
Is 99056647 prime?
False
Is 1168691 a prime number?
False
Is 33746891 composite?
False
Is 19017959 a prime number?
True
Is 953831 a composite number?
False
Is 143210411 prime?
True
Is 18140371 prime?
True
Is 54402727 composite?
True
Is 58128167 a composite number?
False
Is 35699171 prime?
True
Is 4162549 a prime number?
True
Is 3232421 prime?
False
Is 2492723 a composite number?
True
Is 1043167 prime?
True
Is 745567013 composite?
False
Is 50999843 a composite number?
True
Is 1980397 prime?
True
Is 82946453 a composite number?
False
Is 7961939 a composite number?
False
Is 136197709 a composite number?
False
Is 79579 composite?
False
Is 147949 prime?
True
Is 6911923 a prime number?
False
Is 1147229 prime?
True
Is 266372494 prime?
False
Is 6191243 prime?
True
Is 13246405 composite?
True
Is 928063 composite?
False
Is 2379409 a composite number?
True
Is 16245121 prime?
False
Is 44913563 a prime number?
True
Is 33015079 a composite number?
True
Is 1843129 prime?
True
Is 61463611 a prime number?
False
Is 1098953 composite?
False
Is 3129881 a composite number?
True
Is 122299993 prime?
False
Is 64669 a prime number?
False
Is 12339137 composite?
True
Is 20044237 a composite number?
False
Is 138138259 a composite number?
True
Is 64932379 prime?
True
Is 13521229 a prime number?
False
Is 23882519 a prime number?
True
Is 4284961 a composite number?
True
Is 93500866 a prime number?
False
Is 6225313 a prime number?
True
Is 15052243 a prime number?
False
Is 5047447 a prime number?
True
Is 5077607 a composite number?
False
Is 160954177 a composite number?
False
Is 4256617 a composite number?
False
Is 294387 a prime number?
False
Is 19922647 a prime number?
False
Is 28761919 a composite number?
False
Is 131054843 a composite number?
True
Is 5769601 a composite number?
True
Is 26717333 prime?
True
Is 38432761 prime?
True
Is 214941701 a composite number?
True
Is 3000047 composite?
False
Is 30826142 a prime number?
False
Is 136588933 composite?
True
Is 8434073 a prime number?
True
Is 1648481 a composite number?
False
Is 520471837 prime?
True
Is 11532201 a composite number?
True
Is 39351331 a prime number?
False
Is 18926735 a prime number?
False
Is 374525423 a composite number?
False
Is 35838383 a prime number?
False
Is 54569063 a prime number?
False
Is 554621 prime?
False
Is 311656571 a prime number?
True
Is 24951701 a prime number?
False
Is 58305983 composite?
True
Is 62154899 prime?
False
Is 358486 prime?
False
Is 9537973 a composite number?
False
Is 80629693 a composite number?
False
Is 16165001 a prime number?
True
Is 59419793 a prime numb